(m) = m**2. Let c(d) = 12*d**2 - 8*d + 5. Let t(p) = 2*c(p) - 22*u(p). What is the units digit of t(10)?
0
Suppose 9*h = 18*h - 4392. What is the tens digit of h?
8
What is the hundreds digit of (32/(-48))/(1*2/(-2007))?
6
Suppose -s = -2*i + 1094, 0 = -28*i + 25*i + 2*s + 1639. What is the tens digit of i?
4
Let v be (6/(-4))/(6/(-16)). Suppose v*c - 132 = 60. Suppose p - c = -2*p. What is the tens digit of p?
1
Suppose 76*u - v - 10797 = 71*u, 3*v + 2165 = u. What is the tens digit of u?
5
Suppose -15 = -5*c + 3*v + 2*v, 7 = 5*c + 3*v. Suppose -c*n - 2*k + 56 = k, -n - k = -30. What is the units digit of n?
4
Let x(i) = -204*i + 216. What is the units digit of x(-2)?
4
What is the units digit of (-243)/(-18) + -14 - 2226/(-4)?
6
Let z(f) be the second derivative of -f**5/2 - f**4/4 - f**3/3 + f**2 - 6*f. Let n be z(-2). Let w = -29 + n. What is the tens digit of w?
4
Suppose 2*q + 4 = 5*m - q, m = 4*q - 6. Suppose m*o = -13 + 99. What is the tens digit of o?
4
Suppose -3*m = -3*q + 1704 - 264, -4*m = 3*q - 1426. What is the hundreds digit of q?
4
Suppose 9*k + 20 = 13*k. Suppose -4*c + 4*z = -100, -2*z = k*c - z - 143. What is the tens digit of c?
2
Suppose -42994 = 25*x - 62*x. What is the thousands digit of x?
1
What is the hundreds digit of -3 - (3 + (-1 - 864))?
8
Suppose -q = -m + 1360 + 2888, 3*m = 2*q + 12740. What is the hundreds digit of m?
2
Suppose -6 = -2*g, 2*s = -8*g + 4*g + 456. What is the units digit of s?
2
Let g be -1 + -1 - (1 - 5). Suppose 3*t + g*t = 175. What is the units digit of t?
5
Suppose -2 = 2*k - 8. Suppose -k*h + 50 + 16 = 0. What is the units digit of h?
2
Let o(v) = 1 - 5*v + 2 + 0 - 2*v. Let c be o(9). What is the units digit of (c/18)/((-2)/12)?
0
Suppose u + 6*w - 4*w - 87 = 0, -3*u + w + 233 = 0. What is the units digit of u?
9
Let o(u) = 69*u + 8. Suppose -4*f - 6 = -6*f. Let i be o(f). Suppose -5*j = 4*k - i, -4*j + 213 = -0*k - 5*k. What is the units digit of j?
7
Let z(a) = a**3 + 6*a**2 - 8*a - 8. Let f be z(-7). Let s = f - -4. Suppose -31 = -s*x + 5. What is the units digit of x?
2
What is the tens digit of (-18336)/(-66) - (-6)/33?
7
What is the hundreds digit of (-4525)/(-5) - -3 - -3?
9
Let d(k) = k**2 + 3*k - 2. Let f be d(-4). Let z be (-2)/(f - 0) - 1. What is the units digit of z + 49/1 - -2?
9
Let i(w) = -w**3 + 12*w**2 - 6*w - 16. What is the units digit of i(9)?
3
Let t = -24 - -35. Let x = t + 62. What is the units digit of x?
3
What is the thousands digit of (0/(-6) - 3)*-1 + 2053?
2
Suppose -3*c = -4*y - 50, 4*c - 5*y = 64 + 1. Suppose -3*d + c*d - 1197 = 0. What is the units digit of d?
1
Let g = 1326 + -992. What is the hundreds digit of g?
3
Let r be (-4 - (-3 - 4))*(-5)/(-3). Suppose 2*c - 311 = -3*z, 0 = -r*c + 19 + 1. What is the units digit of z?
1
Let w(n) = -4*n - 11. Let i = -5 - -4. Let b be (16/32)/(i/16). What is the units digit of w(b)?
1
Let o(a) = -7*a - 2 - 8 - 2*a. What is the units digit of o(-11)?
9
Suppose -85*q = -92*q + 11305. What is the units digit of q?
5
Let j(x) = -2*x**2 - 10*x - 1. Suppose 0 = -w - 11 + 7. Let g be j(w). Let o = g + 22. What is the tens digit of o?
2
Suppose -209 = q - 889. Suppose -47*y + q = -43*y. What is the hundreds digit of y?
1
Let a = 28 - 22. Suppose 0 = -5*q + 4*t + 43, -4*q + 29 = -a*t + t. What is the tens digit of q?
1
Let s be ((-72)/32)/((-6)/8). Suppose f = s - 2. What is the units digit of f?
1
What is the hundreds digit of 1170/(-225)*(-65)/2?
1
Let l = 5 + -45. Suppose 4*n + 315 = -11*n. Let c = n - l. What is the units digit of c?
9
Let s(k) = -k**3 + 3*k**2 - 3*k - 1. Let z be -3*(-2)/(-10)*5. What is the tens digit of s(z)?
6
Let b(w) = 13*w**2 - 4*w - 7. Let n be b(4). Let j = n - 77. What is the tens digit of j?
0
What is the tens digit of (-66)/(-110) + 5234/10?
2
Suppose -44 = -2*x + 194. What is the tens digit of x?
1
Suppose 43*h - 35*h - 6104 = 0. What is the units digit of h?
3
Let z(p) = p**2 + 10*p - 21. Let n be z(-12). Suppose 116 = a + n*a. What is the units digit of a?
9
Let t(l) = -l**3 - 19*l**2 + 21*l + 19. Let h be t(-20). What is the tens digit of h/(-4)*206 + 51/(-34)?
5
Suppose 7*s - s - 84 = 0. Suppose 13 + 9 = 2*h + 3*i, 0 = -h - 3*i + s. What is the units digit of h?
8
Suppose -16 = 5*f - 9*f. Suppose 990 = 9*j - f*j. What is the units digit of j?
8
Let m be (2/(-4))/(1/(-38)). Let w = -9 + m. Suppose -5*c = 3*n - 36, c = n + 2*c - w. What is the units digit of n?
7
Let r(w) = w**3 + 11*w**2 - 10*w + 2. Let z be r(-11). Suppose 985 - z = 9*c. What is the units digit of c?
7
Suppose 0 = -2*c + 5*n - 56, -2*c - 34 = c + 5*n. Let s be (-1)/(-1)*c/(-1). Suppose 6*t - 3 = -2*j + 3*t, 4*t - s = -5*j. What is the units digit of j?
6
Let j(v) = v**3 + 6*v**2 - 16*v - 18. Let r(z) = z**2 + 20*z + 45. Let c be r(-17). What is the tens digit of j(c)?
7
Let c(g) = 11*g**2 + 9*g + 10. Let p be c(-7). Let a be p/(-15)*(-40)/6. What is the units digit of (a/(-8))/((-6)/4)?
8
Let i be 372/217*28/6. Suppose -5*q + 2*u = -i*q + 475, -u - 615 = -4*q. What is the tens digit of q?
5
Let i(r) = -2*r**3 + 42*r**2 + 14*r + 24. What is the tens digit of i(21)?
1
Let j(r) = -50*r + 2. What is the units digit of j(-1)?
2
Suppose 5*z = 10*z - 1705. What is the units digit of z?
1
Suppose -20*n - 119 = -37*n. Let f = 11 + -15. Let q = n + f. What is the units digit of q?
3
Let i(l) = l**2 + 3*l - 15. What is the hundreds digit of i(11)?
1
Suppose 5 = b - 0, 0 = -2*c + b + 1. Let y(v) = 10*v**2 + v - 7. What is the tens digit of y(c)?
8
Suppose -2*y + 8*y = 60. Let d = y - 4. Suppose 22*p - 20*p - d = 0. What is the units digit of p?
3
Let m = 1036 + -366. What is the units digit of m?
0
Let u(d) = -d**2 - 5*d + 7. Let c(f) = -f**2 - 2. Let y be c(2). Let m be u(y). Let v = m + 49. What is the units digit of v?
0
Let b be 4/((-4)/2) + -10. Let o be 6/b + 11/2. Suppose 27 = o*a - 38. What is the tens digit of a?
1
Let p(f) = -17*f + 2 + 11*f**2 + 33*f + 24*f**2 - 14*f. What is the units digit of p(-2)?
8
Let k be (-1 + 0)*(8 + -5). Let m(z) = z**2 + z + 7. Let u be m(k). Suppose -11*j = -u*j + 82. What is the tens digit of j?
4
Let v = 744 + -315. Suppose 3*g - v = -57. What is the hundreds digit of g?
1
Let n be -3 - (360 - ((-3)/3 + -2)). What is the tens digit of (n/(-6) + 0)*2/2?
6
Suppose 0 = -4*h - 5*p + 31 + 172, 3*h + 5*p = 146. What is the tens digit of h?
5
Let h(c) = c**2 - 8*c - 4. Suppose 0 = -0*q - 5*q + 40. Let i be 13 - (-2)/(q/(-12)). What is the tens digit of h(i)?
1
Let j(x) = x**2 - 4*x + 3. Let c be j(3). What is the units digit of (c - 3)/((-63)/3801)?
1
Suppose -3*m + 395 = -2*m. What is the units digit of m?
5
Let m = 1359 + -1223. What is the hundreds digit of m?
1
Let b(d) = -7*d**3 + 3*d**2 - 3*d - 4. Let w be b(-3). Let m = w - 128. What is the units digit of m?
3
Suppose 4*h + 2*x - 22870 = 0, -2*h + 7636 = -2*x - 3808. What is the thousands digit of h?
5
Let d(j) = -j + 4. Let q be d(4). Let o = 8 - q. Let p = o - 2. What is the units digit of p?
6
Suppose 2*r + 3*r - 130 = 0. Suppose -r = -4*c + 38. Let n = c - -8. What is the tens digit of n?
2
Suppose -5*l - 2015 = -4*u + 479, -2*u - 4*l = -1260. Let w = u - 431. What is the hundreds digit of w?
1
Let f(h) = -h + 3. Let p be f(3). Let n = 1276 + -1274. Suppose 3*x + 0*v - 129 = 3*v, -n*x + 5*v + 92 = p. What is the tens digit of x?
4
Let b = 119 - 114. Suppose -b*y + 1185 = 5*a, -5*y + 4*a - 2*a = -1220. What is the units digit of y?
2
Let w = 64 + -35. Let a = -233 + 234. What is the tens digit of (a + -4)*w/(-3)?
2
What is the units digit of 679 - 0 - (13 - 8)?
4
Let y(h) = -h - 3. Let v be y(-6). Suppose m - 112 = -v*m + z, -4*m + 2*z + 112 = 0. What is the tens digit of m?
2
Suppose -712 - 522 = -2*k. What is the units digit of k?
7
Suppose m - 46 = -33. What is the units digit of m?
3
Suppose -23*h = 137 - 4208. What is the tens digit of h?
7
Let l(o) be the second derivative of 7/12*o**4 + 6*o + 9/2*o**2 + 7/6*o**3 + 0 + 1/20*o**5. What is the units digit of l(-6)?
3
Let w(g) = 9*g**3 - 6*g**2 + 4*g - 2. Let l be w(2). Suppose 0 = -f - f + l. What is the tens digit of f?
2
Let y(l) = 201*l**2 - 7*l + 5. Let v be y(2). Suppose -172*a = -177*a + v. What is the hundreds digit of a?
1
Let p(b) = 7*b + 3. Let i be p(-6). What is the un